{"id":3565,"date":"2021-01-29T15:09:29","date_gmt":"2021-01-29T14:09:29","guid":{"rendered":"https:\/\/www.turbocar.cz\/protection-of-personal-data\/"},"modified":"2021-05-25T19:11:35","modified_gmt":"2021-05-25T18:11:35","slug":"protection-of-personal-data","status":"publish","type":"page","link":"https:\/\/www.turbocar.cz\/en\/protection-of-personal-data\/","title":{"rendered":"Protection of personal data"},"content":{"rendered":"<div class=\"wpb-content-wrapper\"><p>[vc_row css=&#8221;.vc_custom_1465589432702{padding-top: 50px !important;}&#8221;][vc_column][vc_column_text]<\/p>\n<h4><strong>Information on the processing of personal data for suppliers and customers<\/strong><\/h4>\n<p><strong>Personal data administrator :<\/strong> Turbocar , sro I\u010cO: 63495066, with its registered office at U D\u00e1lnice 620 Velk\u00e1 B\u00edte\u0161 , Czech Republic<br \/>\n<strong>Contact details of the administrator :<\/strong>VF, telephone : 566 531 246 , email: <a href=\"mailto:servis@www.turbocar.cz\">servis@ www.turbocar.cz<\/a><\/p>\n<p><strong>Purpose<\/strong> of personal data processing:<\/p>\n<ul>\n<li>processing orders, delivery of goods ordered and all matters with the associated<\/li>\n<li>processing the request for the supply of goods and services, receipt of goods and all matters with the associated<\/li>\n<li>marketing communication, sending newsletters , invitations to trade fairs<\/li>\n<li>invitations to sporting and social events<\/li>\n<\/ul>\n<p><strong>Legal basis<\/strong>for the processing of personal data:<\/p>\n<ul>\n<li>the legitimate interest of the administrator for all the above purposes<\/li>\n<\/ul>\n<p>The provision of personal data is a <strong>contractual requirement<\/strong> in order to be able to fulfill the purposes according to the consent and legitimate interest of the administrator.<br \/>\n<strong>The provision of personal data is<\/strong><\/p>\n<ul>\n<li>mandatory for order fulfillment from the supplier as well as for customers and marketing purposes<\/li>\n<li>voluntary for non-work events<\/li>\n<\/ul>\n<p>[\/vc_column_text][\/vc_column][\/vc_row][vc_row css=&#8221;.vc_custom_1608722561156{padding-top: 0px !important;}&#8221;][vc_column][vc_column_text]<\/p>\n<h4>GENERAL RIGHTS:<\/h4>\n<ul>\n<li><strong>you have the right to access<\/strong> your personal data, ie to obtain confirmation of whether or not your personal data is being processed; if so, you have the right to access this data and other specific information<\/li>\n<li><strong>you have the right to correct<\/strong> your processed personal data if they are inaccurate. Taking into account the purposes of processing, <strong>you may request the completion<\/strong> of incomplete personal data<\/li>\n<li><strong>you have the right to delete<\/strong>personal data in cases stipulated by law<\/li>\n<li><strong>you have the right to restrict the processing<\/strong> of personal data in cases stipulated by law<\/li>\n<li><strong>you can obtain your personal data<\/strong> in a structured, commonly used and machine-readable format and <strong>you can pass on your personal data to another administrator<\/strong><\/li>\n<li><strong>you can revoke your consent to the processing of personal data at any time<\/strong> , without prejudice to the lawfulness of the processing prior to such revocation<\/li>\n<li><strong>you have the right to file a complaint<\/strong>with the Office for Personal Data Protection if you believe that the personal data controller processes your personal data illegally or otherwise violates your rights<\/li>\n<\/ul>\n<p>[\/vc_column_text][\/vc_column][\/vc_row][vc_row css=&#8221;.vc_custom_1608722561156{padding-top: 0px !important;}&#8221;][vc_column][vc_column_text]<\/p>\n<h4>SPECIAL RIGHT:<\/h4>\n<ul>\n<li>you have the right at any time to object to the processing of personal data concerning you. Once an objection is raised, your personal data will no longer be processed for this purpose<\/li>\n<\/ul>\n<p><strong>Personal data are also verified or obtained from publicly available sources<\/strong> (commercial register, registers connected via the ARES application of the Ministry of Finance).<\/p>\n<p><strong>Personal data is processed according to legal requirements for a period of 10 years from the processing of the last order, whether the administrator is on the side of the supplier or customer.<\/strong><\/p>\n<p><strong>To secure personal data,<\/strong> the controller has taken appropriate technical and organizational measures and only authorized persons have access to them.<br \/>\nAfter the retention period of personal data, <strong>this data will be deleted.<\/strong>[\/vc_column_text][\/vc_column][\/vc_row]<\/p>\n<\/div>","protected":false},"excerpt":{"rendered":"<p>[vc_row css=&#8221;.vc_custom_1465589432702{padding-top: 50px !important;}&#8221;][vc_column][vc_column_text] Information on the processing of personal data for suppliers and customers Personal data administrator : Turbocar , sro I\u010cO: 63495066, with its<span class=\"excerpt-hellip\"> [\u2026]<\/span><\/p>\n","protected":false},"author":1,"featured_media":0,"parent":0,"menu_order":0,"comment_status":"closed","ping_status":"closed","template":"","meta":{"footnotes":""},"class_list":["post-3565","page","type-page","status-publish","hentry"],"yoast_head":"<title>Protection of personal data - TurboCar<\/title>\n<meta name=\"robots\" content=\"index, follow, max-snippet:-1, max-image-preview:large, max-video-preview:-1\" \/>\n<link rel=\"canonical\" href=\"https:\/\/www.turbocar.cz\/en\/protection-of-personal-data\/\" \/>\n<meta property=\"og:locale\" content=\"en_US\" \/>\n<meta property=\"og:type\" content=\"article\" \/>\n<meta property=\"og:title\" content=\"Protection of personal data - TurboCar\" \/>\n<meta property=\"og:description\" content=\"[vc_row css=&#8221;.vc_custom_1465589432702{padding-top: 50px !important;}&#8221;][vc_column][vc_column_text] Information on the processing of personal data for suppliers and customers Personal data administrator : Turbocar , sro I\u010cO: 63495066, with its [\u2026]\" \/>\n<meta property=\"og:url\" content=\"https:\/\/www.turbocar.cz\/en\/protection-of-personal-data\/\" \/>\n<meta property=\"og:site_name\" content=\"TurboCar\" \/>\n<meta property=\"article:modified_time\" content=\"2021-05-25T18:11:35+00:00\" \/>\n<meta name=\"twitter:card\" content=\"summary_large_image\" \/>\n<meta name=\"twitter:label1\" content=\"Est. reading time\" \/>\n\t<meta name=\"twitter:data1\" content=\"3 minutes\" \/>\n<script type=\"application\/ld+json\" class=\"yoast-schema-graph\">{\"@context\":\"https:\/\/schema.org\",\"@graph\":[{\"@type\":\"WebPage\",\"@id\":\"https:\/\/www.turbocar.cz\/en\/protection-of-personal-data\/\",\"url\":\"https:\/\/www.turbocar.cz\/en\/protection-of-personal-data\/\",\"name\":\"Protection of personal data - TurboCar\",\"isPartOf\":{\"@id\":\"https:\/\/www.turbocar.cz\/#website\"},\"datePublished\":\"2021-01-29T14:09:29+00:00\",\"dateModified\":\"2021-05-25T18:11:35+00:00\",\"breadcrumb\":{\"@id\":\"https:\/\/www.turbocar.cz\/en\/protection-of-personal-data\/#breadcrumb\"},\"inLanguage\":\"en-US\",\"potentialAction\":[{\"@type\":\"ReadAction\",\"target\":[\"https:\/\/www.turbocar.cz\/en\/protection-of-personal-data\/\"]}]},{\"@type\":\"BreadcrumbList\",\"@id\":\"https:\/\/www.turbocar.cz\/en\/protection-of-personal-data\/#breadcrumb\",\"itemListElement\":[{\"@type\":\"ListItem\",\"position\":1,\"name\":\"Home\",\"item\":\"https:\/\/www.turbocar.cz\/en\/\"},{\"@type\":\"ListItem\",\"position\":2,\"name\":\"Protection of personal data\"}]},{\"@type\":\"WebSite\",\"@id\":\"https:\/\/www.turbocar.cz\/#website\",\"url\":\"https:\/\/www.turbocar.cz\/\",\"name\":\"TurboCar\",\"description\":\"TurboCar, s.r.o. je nejv\u011bt\u0161\u00ed autorizovan\u00fd servis turbodmychadel v \u010cR. Nab\u00edz\u00edme tak\u00e9 prodej turbodmychadel v\u0161ech typ\u016f pro osobn\u00ed, n\u00e1kladn\u00ed a dr\u00e1\u017en\u00ed vozidla.\",\"potentialAction\":[{\"@type\":\"SearchAction\",\"target\":{\"@type\":\"EntryPoint\",\"urlTemplate\":\"https:\/\/www.turbocar.cz\/?s={search_term_string}\"},\"query-input\":{\"@type\":\"PropertyValueSpecification\",\"valueRequired\":true,\"valueName\":\"search_term_string\"}}],\"inLanguage\":\"en-US\"}]}<\/script>","yoast_head_json":{"title":"Protection of personal data - TurboCar","robots":{"index":"index","follow":"follow","max-snippet":"max-snippet:-1","max-image-preview":"max-image-preview:large","max-video-preview":"max-video-preview:-1"},"canonical":"https:\/\/www.turbocar.cz\/en\/protection-of-personal-data\/","og_locale":"en_US","og_type":"article","og_title":"Protection of personal data - TurboCar","og_description":"[vc_row css=&#8221;.vc_custom_1465589432702{padding-top: 50px !important;}&#8221;][vc_column][vc_column_text] Information on the processing of personal data for suppliers and customers Personal data administrator : Turbocar , sro I\u010cO: 63495066, with its [\u2026]","og_url":"https:\/\/www.turbocar.cz\/en\/protection-of-personal-data\/","og_site_name":"TurboCar","article_modified_time":"2021-05-25T18:11:35+00:00","twitter_card":"summary_large_image","twitter_misc":{"Est. reading time":"3 minutes"},"schema":{"@context":"https:\/\/schema.org","@graph":[{"@type":"WebPage","@id":"https:\/\/www.turbocar.cz\/en\/protection-of-personal-data\/","url":"https:\/\/www.turbocar.cz\/en\/protection-of-personal-data\/","name":"Protection of personal data - TurboCar","isPartOf":{"@id":"https:\/\/www.turbocar.cz\/#website"},"datePublished":"2021-01-29T14:09:29+00:00","dateModified":"2021-05-25T18:11:35+00:00","breadcrumb":{"@id":"https:\/\/www.turbocar.cz\/en\/protection-of-personal-data\/#breadcrumb"},"inLanguage":"en-US","potentialAction":[{"@type":"ReadAction","target":["https:\/\/www.turbocar.cz\/en\/protection-of-personal-data\/"]}]},{"@type":"BreadcrumbList","@id":"https:\/\/www.turbocar.cz\/en\/protection-of-personal-data\/#breadcrumb","itemListElement":[{"@type":"ListItem","position":1,"name":"Home","item":"https:\/\/www.turbocar.cz\/en\/"},{"@type":"ListItem","position":2,"name":"Protection of personal data"}]},{"@type":"WebSite","@id":"https:\/\/www.turbocar.cz\/#website","url":"https:\/\/www.turbocar.cz\/","name":"TurboCar","description":"TurboCar, s.r.o. je nejv\u011bt\u0161\u00ed autorizovan\u00fd servis turbodmychadel v \u010cR. Nab\u00edz\u00edme tak\u00e9 prodej turbodmychadel v\u0161ech typ\u016f pro osobn\u00ed, n\u00e1kladn\u00ed a dr\u00e1\u017en\u00ed vozidla.","potentialAction":[{"@type":"SearchAction","target":{"@type":"EntryPoint","urlTemplate":"https:\/\/www.turbocar.cz\/?s={search_term_string}"},"query-input":{"@type":"PropertyValueSpecification","valueRequired":true,"valueName":"search_term_string"}}],"inLanguage":"en-US"}]}},"_links":{"self":[{"href":"https:\/\/www.turbocar.cz\/en\/wp-json\/wp\/v2\/pages\/3565","targetHints":{"allow":["GET"]}}],"collection":[{"href":"https:\/\/www.turbocar.cz\/en\/wp-json\/wp\/v2\/pages"}],"about":[{"href":"https:\/\/www.turbocar.cz\/en\/wp-json\/wp\/v2\/types\/page"}],"author":[{"embeddable":true,"href":"https:\/\/www.turbocar.cz\/en\/wp-json\/wp\/v2\/users\/1"}],"replies":[{"embeddable":true,"href":"https:\/\/www.turbocar.cz\/en\/wp-json\/wp\/v2\/comments?post=3565"}],"version-history":[{"count":14,"href":"https:\/\/www.turbocar.cz\/en\/wp-json\/wp\/v2\/pages\/3565\/revisions"}],"predecessor-version":[{"id":3698,"href":"https:\/\/www.turbocar.cz\/en\/wp-json\/wp\/v2\/pages\/3565\/revisions\/3698"}],"wp:attachment":[{"href":"https:\/\/www.turbocar.cz\/en\/wp-json\/wp\/v2\/media?parent=3565"}],"curies":[{"name":"wp","href":"https:\/\/api.w.org\/{rel}","templated":true}]}}

<div class="wpb-content-wrapper"><p>[vc_row css=&#8221;.vc_custom_1465589432702{padding-top: 50px !important;}&#8221;][vc_column][vc_column_text]</p>
<h4><strong>Information on the processing of personal data for suppliers and customers</strong></h4>
<p><strong>Personal data administrator :</strong> Turbocar , sro IČO: 63495066, with its registered office at U Dálnice 620 Velká Bíteš , Czech Republic<br />
<strong>Contact details of the administrator :</strong>VF, telephone : 566 531 246 , email: <a href="mailto:servis@www.turbocar.cz">servis@ www.turbocar.cz</a></p>
<p><strong>Purpose</strong> of personal data processing:</p>
<ul>
<li>processing orders, delivery of goods ordered and all matters with the associated</li>
<li>processing the request for the supply of goods and services, receipt of goods and all matters with the associated</li>
<li>marketing communication, sending newsletters , invitations to trade fairs</li>
<li>invitations to sporting and social events</li>
</ul>
<p><strong>Legal basis</strong>for the processing of personal data:</p>
<ul>
<li>the legitimate interest of the administrator for all the above purposes</li>
</ul>
<p>The provision of personal data is a <strong>contractual requirement</strong> in order to be able to fulfill the purposes according to the consent and legitimate interest of the administrator.<br />
<strong>The provision of personal data is</strong></p>
<ul>
<li>mandatory for order fulfillment from the supplier as well as for customers and marketing purposes</li>
<li>voluntary for non-work events</li>
</ul>
<p>[/vc_column_text][/vc_column][/vc_row][vc_row css=&#8221;.vc_custom_1608722561156{padding-top: 0px !important;}&#8221;][vc_column][vc_column_text]</p>
<h4>GENERAL RIGHTS:</h4>
<ul>
<li><strong>you have the right to access</strong> your personal data, ie to obtain confirmation of whether or not your personal data is being processed; if so, you have the right to access this data and other specific information</li>
<li><strong>you have the right to correct</strong> your processed personal data if they are inaccurate. Taking into account the purposes of processing, <strong>you may request the completion</strong> of incomplete personal data</li>
<li><strong>you have the right to delete</strong>personal data in cases stipulated by law</li>
<li><strong>you have the right to restrict the processing</strong> of personal data in cases stipulated by law</li>
<li><strong>you can obtain your personal data</strong> in a structured, commonly used and machine-readable format and <strong>you can pass on your personal data to another administrator</strong></li>
<li><strong>you can revoke your consent to the processing of personal data at any time</strong> , without prejudice to the lawfulness of the processing prior to such revocation</li>
<li><strong>you have the right to file a complaint</strong>with the Office for Personal Data Protection if you believe that the personal data controller processes your personal data illegally or otherwise violates your rights</li>
</ul>
<p>[/vc_column_text][/vc_column][/vc_row][vc_row css=&#8221;.vc_custom_1608722561156{padding-top: 0px !important;}&#8221;][vc_column][vc_column_text]</p>
<h4>SPECIAL RIGHT:</h4>
<ul>
<li>you have the right at any time to object to the processing of personal data concerning you. Once an objection is raised, your personal data will no longer be processed for this purpose</li>
</ul>
<p><strong>Personal data are also verified or obtained from publicly available sources</strong> (commercial register, registers connected via the ARES application of the Ministry of Finance).</p>
<p><strong>Personal data is processed according to legal requirements for a period of 10 years from the processing of the last order, whether the administrator is on the side of the supplier or customer.</strong></p>
<p><strong>To secure personal data,</strong> the controller has taken appropriate technical and organizational measures and only authorized persons have access to them.<br />
After the retention period of personal data, <strong>this data will be deleted.</strong>[/vc_column_text][/vc_column][/vc_row]</p>
</div>

<p>[vc_row css=&#8221;.vc_custom_1465589432702{padding-top: 50px !important;}&#8221;][vc_column][vc_column_text] Information on the processing of personal data for suppliers and customers Personal data administrator : Turbocar , sro IČO: 63495066, with its<span class="excerpt-hellip"> […]</span></p>

<title>Protection of personal data - TurboCar</title>
<meta name="robots" content="index, follow, max-snippet:-1, max-image-preview:large, max-video-preview:-1" />
<link rel="canonical" href="https://www.turbocar.cz/en/protection-of-personal-data/" />
<meta property="og:locale" content="en_US" />
<meta property="og:type" content="article" />
<meta property="og:title" content="Protection of personal data - TurboCar" />
<meta property="og:description" content="[vc_row css=&#8221;.vc_custom_1465589432702{padding-top: 50px !important;}&#8221;][vc_column][vc_column_text] Information on the processing of personal data for suppliers and customers Personal data administrator : Turbocar , sro IČO: 63495066, with its […]" />
<meta property="og:url" content="https://www.turbocar.cz/en/protection-of-personal-data/" />
<meta property="og:site_name" content="TurboCar" />
<meta property="article:modified_time" content="2021-05-25T18:11:35+00:00" />
<meta name="twitter:card" content="summary_large_image" />
<meta name="twitter:label1" content="Est. reading time" />
	<meta name="twitter:data1" content="3 minutes" />
<script type="application/ld+json" class="yoast-schema-graph">{"@context":"https://schema.org","@graph":[{"@type":"WebPage","@id":"https://www.turbocar.cz/en/protection-of-personal-data/","url":"https://www.turbocar.cz/en/protection-of-personal-data/","name":"Protection of personal data - TurboCar","isPartOf":{"@id":"https://www.turbocar.cz/#website"},"datePublished":"2021-01-29T14:09:29+00:00","dateModified":"2021-05-25T18:11:35+00:00","breadcrumb":{"@id":"https://www.turbocar.cz/en/protection-of-personal-data/#breadcrumb"},"inLanguage":"en-US","potentialAction":[{"@type":"ReadAction","target":["https://www.turbocar.cz/en/protection-of-personal-data/"]}]},{"@type":"BreadcrumbList","@id":"https://www.turbocar.cz/en/protection-of-personal-data/#breadcrumb","itemListElement":[{"@type":"ListItem","position":1,"name":"Home","item":"https://www.turbocar.cz/en/"},{"@type":"ListItem","position":2,"name":"Protection of personal data"}]},{"@type":"WebSite","@id":"https://www.turbocar.cz/#website","url":"https://www.turbocar.cz/","name":"TurboCar","description":"TurboCar, s.r.o. je největší autorizovaný servis turbodmychadel v ČR. Nabízíme také prodej turbodmychadel všech typů pro osobní, nákladní a drážní vozidla.","potentialAction":[{"@type":"SearchAction","target":{"@type":"EntryPoint","urlTemplate":"https://www.turbocar.cz/?s={search_term_string}"},"query-input":{"@type":"PropertyValueSpecification","valueRequired":true,"valueName":"search_term_string"}}],"inLanguage":"en-US"}]}</script>

[vc_row css=&#8221;.vc_custom_1465589432702{padding-top: 50px !important;}&#8221;][vc_column][vc_column_text] Information on the processing of personal data for suppliers and customers Personal data administrator : Turbocar , sro IČO: 63495066, with its […]

TurboCar, s.r.o. je největší autorizovaný servis turbodmychadel v ČR. Nabízíme také prodej turbodmychadel všech typů pro osobní, nákladní a drážní vozidla.
